- 10. Let x be s(-4). Let l = 473 - x. Is l composite?
False
Let f(s) = -2*s + 13. Let g be f(11). Suppose -6*p + 312 = -3*p. Let t = p + g. Is t composite?
True
Let w(y) = y**3 + 15*y**2 + 18*y + 8. Let g be w(-15). Let f = -119 - g. Is f prime?
False
Suppose 0 = -3*b - 4*o + 22, b - 3*o = -o - 6. Let p be 0*b/2 - 202. Let g = -137 - p. Is g composite?
True
Let w(c) = -c**3 + 22*c**2 + 22*c + 9. Let j be w(23). Let k(q) = -102*q - 25. Is k(j) a prime number?
False
Suppose -13 = -3*t + k, -t - k = 2*k - 21. Suppose t*w = 8*w - 498. Let h = -122 + w. Is h a prime number?
True
Let b = -80 + 104. Is ((-3506)/(-4))/(b/48) composite?
False
Suppose 0 = 2*v - 4, 3*v = -2*a + v + 6. Suppose -3*s = -16 + a. Suppose s*c - 4*d - 285 = -22, 0 = -2*c - 4*d + 122. Is c a prime number?
False
Let g(h) = 16696*h + 11. Is g(1) prime?
False
Let u(r) = 0*r**2 + 10*r**2 + 16 + 3*r - r**2 - 25 + 8. Suppose 0 = v - 7 + 16. Is u(v) a prime number?
True
Is 16/(-20)*12802515/(-132) prime?
True
Suppose -36 + 16 = 5*w. Is (-96)/(-3) - (w + 5) composite?
False
Let c be 17/((-136)/(-80))*9006/4. Suppose c - 1984 = 7*f. Is f prime?
False
Let j be ((-2)/2)/(2/(-50)). Suppose -3*d - 5*s - j = -0*d, 3*s = -3*d - 21. Is d/((-15)/(-6)) + 76 a prime number?
False
Let y(t) = 1035*t**2 + t + 1. Is y(1) composite?
True
Is 6 - (-25*6/(-30) - 8976) a composite number?
True
Suppose -2*s + 4*q + 7386 = 0, -5*s - 40*q = -44*q - 18435. Is s composite?
True
Is 1751 + 1 + 0 - (-109 + 108) a composite number?
False
Suppose -404 - 523 = -9*k. Is k composite?
False
Let k = -37212 - -65671. Is k a composite number?
True
Is (-15818)/(-5) + (9/15)/(-1) a composite number?
False
Let n(c) = -50*c - 3. Suppose -10 = 8*s - 3*s. Is n(s) prime?
True
Suppose -5*f + g = 677, 0*g = -2*f - 2*g - 278. Let n = -5 - f. Is n composite?
False
Suppose -1 + 4 = -3*d. Let v(t) = 28*t - 156*t + 2 - 1 - 88*t. Is v(d) prime?
False
Let x = 7593 - 1346. Is x prime?
True
Is (4 - 0 - -1) + 91 + 3667 composite?
True
Let d be 14/21*6/4. Let o = d - 7. Is 316/o*3/(-2) prime?
True
Suppose 2*y = -2*y + 8. Let p be -12 + (y - 2)/1. Is (-370)/p + 2/12 prime?
True
Let p = -202 - -353. Let w be -2 - (2 - (p + 1)). Is (w/6)/(4/30) composite?
True
Suppose 0 = -5*z + 2*j + 1 + 1, z + 5*j = 22. Let v(x) = 3*x + z*x**3 + 29*x**2 - 1 - 39*x**2 + 0*x**3 - 5. Is v(7) prime?
True
Let g = -5140 - -10307. Is g prime?
True
Let x(r) = -4*r + 4. Let i be x(-2). Suppose -3*g - i = -2*g. Is (573/(-6))/(6/g) prime?
True
Suppose o + 0 = 13. Suppose 159 = 16*h - o*h. Is h composite?
False
Let j(u) = 147*u + 1. Suppose 2*o - 70 = 58. Let x be o/36 - 4/(-18). Is j(x) a prime number?
False
Let l(y) = y**2 + 16*y + 27. Let c be l(-14). Let b(f) = -134*f. Is b(c) composite?
True
Let q(v) = 76*v**2 + 11*v - 8. Let u be 102/15 - (2/(-2))/5. Is q(u) composite?
False
Is (-16 + 169323/(-14))*(-1 - 1) prime?
False
Let p(l) = l**3 + 17*l**2 + 15*l - 11. Let h be p(-16). Suppose 0*i + h*u - 301 = -3*i, -382 = -4*i + 3*u. Is i prime?
True
Let r(w) = -2*w**2 - 10*w - 32. Let v(s) = -s**2 - 3*s - 11. Let i(f) = 6*r(f) - 17*v(f). Let z be 21/(-15)*5/(-1). Is i(z) composite?
True
Let w be (18/30)/(1/115). Let l = -50 - -102. Suppose h - w = l. Is h prime?
False
Suppose -942 = 13*g - 10*g. Let z = g - -441. Is z a prime number?
True
Suppose 43*r + 29487 - 238252 = 0. Is r prime?
False
Let q(k) = 2*k**2 - 76*k + 19. Is q(-46) a composite number?
True
Suppose -3*m - 5*q + 24 = -0*m, m - 9 = -2*q. Suppose 722 = 5*j + 4*i - 5583, 2*j - m*i - 2499 = 0. Is j a composite number?
True
Suppose -2*f = 2*w + 1142, 4*f + 949 + 760 = -3*w. Let p = w - -1440. Is p a prime number?
False
Let b(w) = -w**2 + 11*w - 17. Let c be b(9). Let m be (-2)/1 + c - -8. Suppose 3*z = q - 316, 3*q = m*q - 2*z - 1234. Is q a composite number?
False
Let j(f) = 19*f**2 - f - 2. Let l be j(-1). Suppose 0 = -k + 5*v + 14 + l, 3*k = -v + 16. Is k a prime number?
True
Suppose 3*d - 1131 = -4*t, 6*t = 4*d + t - 1539. Suppose 0 = -g + 4*g - d. Is g a composite number?
False
Let m be (90/27)/((-4)/(-6)). Suppose -u - 5*p = 25, -5*u + 18 = -m*p - 7. Suppose 4*s + 254 - 1098 = u. Is s prime?
True
Let o(b) = -b**2 + 8*b - 2. Let d be o(5). Let y(s) = 5 - 5 + 10*s + s**3 + 13*s**2 - d. Is y(-12) a prime number?
True
Let s be ((-56)/12)/((-8)/12). Let h(g) = 13*g**2 + g + 5. Is h(s) prime?
False
Let q(b) = 21*b**2 - 11*b - 7. Is q(-10) prime?
True
Let v(o) be the third derivative of -19*o**4/6 + o**3/2 + 33*o**2. Let a(y) = y - 1. Let j be a(-1). Is v(j) prime?
False
Suppose -4*o - 18 = 5*o. Is 6/((-120)/(-58) + o) composite?
True
Let c be 10/15 + (-4)/6. Suppose 12*s - 6*s - 786 = c. Is s prime?
True
Suppose 29*i = -21*i + 3176850. Is i prime?
False
Let a(y) = -73*y + 9. Let b be a(-5). Let i(d) = d**3 - 2*d**2 + 2. Let n be i(2). Suppose b = n*z - 752. Is z a composite number?
False
Let w be (-28)/(-6) + (-2)/(-6). Let x(i) be the third derivative of i**4/2 - i**3/6 + 17*i**2. Is x(w) composite?
False
Suppose 0 = 5*d + 2*t - 3245 - 5010, -5*d - 3*t = -8260. Is d a composite number?
True
Suppose -13348 = -2*f + 2*y + 900, -2*f + 14257 = -5*y. Is f a prime number?
True
Let l(a) = 59*a + 4. Let u be l(11). Suppose u = v - n + 5*n, 1326 = 2*v + 3*n. Is v prime?
False
Is ((-2)/(-8))/(27/2032236) a prime number?
False
Let f(q) = 1459*q - 7. Is f(2) a composite number?
True
Suppose -6828 = b + 7146. Let l = -8905 - b. Is l composite?
True
Suppose -x = -2*x + 3565. Let t = -1824 + x. Is t prime?
True
Let s(c) = -c**3 + 7*c**2 - c - 5. Suppose 0 = -5*i + 70 + 60. Let k = i - 20. Is s(k) composite?
True
Let b(t) = 23*t**2 + 14*t - 16. Let u = 50 - 59. Is b(u) a composite number?
False
Suppose f = 5*z + 17, 4*f - 2*z - 12 - 2 = 0. Suppose 5*u - f*t - 2736 = -t, -550 = -u + 3*t. Let q = 806 - u. Is q a composite number?
True
Let t = 1000 + -377. Is t a composite number?
True
Let y(g) = -707*g**3 - 3*g**2 - 2*g + 2. Let x be y(-2). Suppose -x = -5*l - 435. Is l a prime number?
False
Let w be 1/4 - 95/(-20). Suppose -4*g - 5 = g + w*s, 0 = -2*g + 2*s + 6. Is -5 + 189 + 1/g composite?
True
Suppose 2*b = -3*n + 4961, -2*b = -b + 4*n - 2493. Is b composite?
False
Is 13695/495*(-1)/((-1)/21) a prime number?
False
Let a(m) = 34 + 90*m + 28 - 19. Is a(7) composite?
False
Suppose 2*j = -y + 14985, 3*j - 45010 = -3*y + 8*j. Is y a composite number?
True
Let r = 625 - -30636. Is r a prime number?
False
Let m(o) = 216*o. Let p be m(1). Let j = p + -103. Suppose -j = -v - 7. Is v a composite number?
True
Suppose -2*b + 247 = 71. Let p(t) = 58*t**3 + 3*t**2 - 2. Let m be p(-1). Let y = b + m. Is y a prime number?
True
Let t(j) = -74*j - 3. Let a be t(-5). Let i = a + -209. Is i prime?
False
Suppose -270 = -2*u - 3*u. Let i = u + -14. Suppose 2068 = 4*j + 4*k, k - i = 2*j - 1074. Is j composite?
True
Let r(k) = -k**3 + 8*k**2 + 10*k - 4. Let f be r(9). Suppose -13 = -4*m - f. Suppose -2*h + 6*h = 12, m*t - 878 = 4*h. Is t a prime number?
False
Let n be 2/((-4)/1070) - 2. Let h = -358 + n. Is 9/(-12) + h/(-4) a composite number?
False
Let t(j) = 82*j**2 - j - 5. Let g be t(-6). Let b = -1486 + g. Is 1/(-3)*b/(-3) a prime number?
True
Let a(i) = i**3 - 10*i**2 + 9*i + 1. Let k be a(9). Let j(q) = -9 + k + 0 + 0 - 165*q. Is j(-9) prime?
False
Suppose 2*n - 5*b - 330 = 0, 8*n + 495 = 11*n + 3*b. Let q = n + -112. Is q a prime number?
True
Let f(z) = 9*z**3 - 5*z**2 + z. Let h(o) = -28*o**3 + 14*o**2 - 3*o + 1. Let d(g) = 11*f(g) + 4*h(g). Let s be d(-4). Let v = s + -497. Is v a composite number?
False
Let k be (15/9)/((-5)/(-15)). Suppose -2*w - 1114 = -k*m + 1091, -w = -3*m + 1324. Is m a composite number?
False
Suppose -4*z - 43 + 55 = 0. Let l(x) = -68*x - 10. Let f be l(-7). Suppose 5*j = z*j + f. Is j a prime number?
True
Let x(i) = -i**2 + 18*i + 9. Let v = -17 + 35. Let w be x(v). Suppose -5*u + w*u = 380. Is u a prime number?
False
Let z(y) = 99*y + 92. Is z(5) a composite number?
False
Let u(f) = -f**3 + 12*f**2 - f + 17. Let x be u(12). Suppose -x*n + 1563 = -2*n. Is n a prime number?
True
Suppose 40 = 5*b - 0*b + 4*m, -3*m - 32 = -4*b. Suppose 5*l - b*l = -2409. Is l prime?
False
Suppose 155*w - 31829 = 148*w. Is w a prime number?
True
Let j be 60/(-24)*(-8)/(-10). Is (j/(-4))/(3/2586) a composite number?
False
Let c be 27